 Let h(f) = -3*k(f) - t(f). What is the units digit of h(o)?
2
Suppose -y = 11*z - 9*z + 772, -3*z = 3*y + 1158. Let u = -291 - z. What is the units digit of u?
5
What is the units digit of 7681 + (-4)/(-3)*((-492)/48 - -11)?
2
Let c(a) = 4*a**2 + 555*a + 385. Let w be c(-138). Let u(j) be the third derivative of j**5/60 + 13*j**4/12 - 19*j**3/3 + j**2. What is the tens digit of u(w)?
4
Suppose 81*m + 21 = 78*m. Let k be 0/3 - (-7)/m. What is the hundreds digit of (-1 + -353)/(2*k) - 0?
1
Let u = 77940 + -29884. What is the thousands digit of u?
8
Suppose 30*o - 25*o = 975. Let s be (-10)/20*316/2. Let g = o + s. What is the tens digit of g?
1
Let x(k) = k**2 - k. Let r be x(1). Suppose r = -5*d + 2 + 13. Suppose 4*z - 2*v = -d*v + 411, 10 = -2*v. What is the units digit of z?
4
Let w be -6 + 2/4*418. Let n = -114 + w. What is the units digit of n?
9
Let h = 10997 - 7685. What is the tens digit of h?
1
Let n be 37/(2/(-7) + (-2)/(-56)). Let h = -75 + 14. Let b = h - n. What is the tens digit of b?
8
Suppose -311*m + 293*m + 46908 = 0. What is the thousands digit of m?
2
Let c(o) = o**3 + 60*o**2 - 48*o - 690. What is the units digit of c(-41)?
7
Suppose 42*x + 4*c = 37*x + 60702, -4*x + 3*c + 48605 = 0. What is the thousands digit of x?
2
Suppose 1225 + 2245 = 5*o. What is the units digit of (o/4)/(-4 + 45/10)?
7
Let j(r) = r**3 - 7*r**2 + 7*r - 4. Let p be j(2). Let w(a) = -2*a**3 - 14*a**2 - 4*a + 32. What is the units digit of w(p)?
2
Let i = -282 + 94. Let j = i - -224. What is the tens digit of j?
3
Suppose 25*w - 30*w = -70. Suppose a = 2*n - 49, -w*a + 19*a - 67 = -2*n. What is the tens digit of n?
2
Let g = 1542 - 453. Suppose -2*m + g = -843. What is the units digit of m?
6
Let q = 542 + -533. Let t = -341 + 738. Suppose -3*h + 5*c - q*c + 579 = 0, t = 2*h - c. What is the tens digit of h?
9
Suppose -3*z - 844215 = z - 73*z. What is the tens digit of z?
3
Let u(h) = -3962*h + 176. What is the units digit of u(-1)?
8
Suppose -4*l - 21807 = x - 57392, 0 = 3*l - 5*x - 26683. What is the thousands digit of l?
8
Suppose 0 = -268*j - 39*j + 80672 + 31383. Let k = 366 - 156. Suppose k = 5*h - j. What is the tens digit of h?
1
Let l(v) = -4*v**2 + 19*v + 30. Let u be l(6). Suppose -4*t + 2410 = 5*x - 615, u = -5*x - 15. What is the hundreds digit of t?
7
Suppose -3*w - 19979 = -2*d, -3*d - 56*w + 29949 = -54*w. What is the units digit of d?
5
Let h(v) = 7930*v**3 + 31*v - 32. What is the thousands digit of h(1)?
7
Suppose -l + 3*i + i + 1 = 0, 4*i + 14 = 2*l. Suppose -l*u = -15*u + 1196. What is the hundreds digit of u?
5
Suppose -21*l - 152*l - 154*l + 15010281 = 0. What is the tens digit of l?
0
Suppose -d - 5*m + 2945 + 9828 = 0, -3*m = 3*d - 38355. What is the ten thousands digit of d?
1
Suppose -8 = -2*i - g, 4*g - 5 = 3*i + 5. Suppose 22 = -3*j + i*w, j - 4*w = -3*j - 32. What is the units digit of j/3*-5 + 3?
3
Let o(y) = 120*y**2 + y - 1. Let t(l) = l**2 + l - 11. Let h be t(-5). Suppose -h*u + 10*u = 1. What is the hundreds digit of o(u)?
1
Let z(c) = 8*c**2 + 447*c + 60. What is the thousands digit of z(-100)?
5
Let b be 723/27 - 4/(-18). Suppose -6*n = 1987 + 101. What is the tens digit of b/(-6)*(-2 - n/(-9))?
8
Let p = 1403 + 5462. What is the thousands digit of p?
6
Let r = 897 - 779. Let i = 477 - r. What is the units digit of i?
9
Let m(w) be the first derivative of 1/3*w**3 - 21 + 1/4*w**4 - 1/2*w**2 - 11*w. What is the hundreds digit of m(5)?
1
What is the tens digit of ((-10)/(-5) - 3 - -18186) + -1 + 3?
8
Let s(h) = -743*h + 2639. What is the tens digit of s(-23)?
2
Let i = 199 + -188. Suppose -98 = i*w - 538. What is the tens digit of w?
4
Let l = 291 + -277. Let w = l + 429. What is the units digit of w?
3
Suppose 235*g - 239*g + 144956 = 4*a, -3*g = 21. What is the ten thousands digit of a?
3
Let t = -16 - -187. Suppose 5*z = 3*z - x + 103, 3*z = 4*x + t. Suppose -5*c + z = -2*a, 3*c - a = -2*a + 23. What is the units digit of c?
9
Let w = -763 + 398. Let m = w + 611. What is the units digit of m?
6
Let g = 36522 - 14773. What is the thousands digit of g?
1
Suppose -2*p + 9 = p. Let y = -386 + 360. What is the hundreds digit of y/(-4)*-2*(-14 + p)?
1
Suppose 22*g = -10*g + 64. Suppose 4*v = -v + 5*l + 1765, -3*v + 1057 = -g*l. What is the hundreds digit of v?
3
Let d(f) = -f**3 - 5*f**2 - 2*f + 1. Let r be d(-4). Let i be (-22)/(-1)*(9 + r). Suppose -i + 326 = 3*g. What is the tens digit of g?
9
Suppose 116*x - 9246 = 70*x. What is the hundreds digit of x?
2
Suppose -4*s + 510527 = -0*s + 13*s. What is the tens digit of s?
3
Let y = -47 + 55. Let p(c) = -c + 16. Let n be p(y). What is the units digit of (-2930)/(-40) + (-2)/n?
3
Let x(a) be the first derivative of 46*a**3/3 + 9*a**2/2 - 4*a + 95. What is the units digit of x(-4)?
6
Let t(r) = 25*r**2 - 2*r. Let n be 4/22 + (-40)/(-22) + 1. Let z be (3 - -1 - 6/2)*n. What is the units digit of t(z)?
9
Let a(g) = 10*g + 232. Let i be a(0). Suppose 0 = -5*m + 2*h + 478, 0*m - m = 3*h - 99. Let z = i - m. What is the units digit of z?
6
Let t(z) = 5*z**2 - 21*z + 49217. What is the hundreds digit of t(0)?
2
Suppose -7*i + 2850 = -5389. What is the units digit of i?
7
Suppose -173 = 2*g + 3*a + 164, -3*a = -9. Let d = -91 - g. Let i = -43 + d. What is the tens digit of i?
3
Let c = -1961 + 1123. Let r = -61 - c. Suppose -13*g = -1511 - r. What is the hundreds digit of g?
1
Let m = 17075 - 10129. What is the tens digit of m?
4
Let p(a) = 19 - a + 10*a**3 - 26 + 11*a**3 + 2*a**2. Let h be ((-42)/6 - -9) + 0. What is the hundreds digit of p(h)?
1
Let m = -67 - -75. Suppose 0 = w - 3*k - 13, 3*w - m = 5*k + 23. Suppose -a + 114 + w = 0. What is the tens digit of a?
2
Let t = -96 - -146. Let x = -49 + 161. Suppose 0 = -2*h - k - k + x, -h + 5*k + t = 0. What is the units digit of h?
5
Let w(k) = k**2 - 14*k. Let q be w(14). Suppose q = 2*i + 2*s - 374, -s = 5*i + 3*s - 934. What is the units digit of i?
6
Suppose 5*w + 4*w - 45 = 0. Suppose w*l - 2260 = -20. What is the units digit of l?
8
Suppose -4*c + b + 2034 = -4*b, 3*b + 2038 = 4*c. Suppose 0 = -d + a + c, 4*d = 3*a - 523 + 2569. What is the tens digit of d?
1
Suppose 9*u - 41*u + 191456 = 0. What is the tens digit of u?
8
Let j(s) = 1996*s + 33185. What is the tens digit of j(0)?
8
Let b(z) be the second derivative of -32*z + 0 - 1/20*z**5 - 3*z**2 + 2/3*z**4 + 1/3*z**3. What is the units digit of b(5)?
9
Let f = 33602 + -3785. What is the tens digit of f?
1
Suppose 42*j = 537 + 1227. What is the units digit of j?
2
Let l be (-286)/182 - (-2)/7*2. What is the units digit of l/(-4) + -727*(-1)/4?
2
Let j(b) = 2662*b - 2252. What is the hundreds digit of j(13)?
3
Let v(q) = 2*q**3 - 38*q**2 - 77*q - 43. What is the tens digit of v(24)?
6
Let c(p) = -37*p + 43. Let j be c(-4). Let n = 178 + j. What is the tens digit of n?
6
Let f(m) = -450*m - 1189. What is the hundreds digit of f(-6)?
5
Let y(x) = 3*x**2 + x**2 - 4 - 8*x + x. Suppose f + 4 = 2*m - 3*m + 2*m, 0 = 6*m. What is the units digit of y(f)?
8
Let j be 15/(-6) + 2 + (-2013)/(-6). Suppose -34 = 3*n + j. Let h = n + 175. What is the tens digit of h?
5
Let o(n) = 15*n + 11. Let c be o(-6). Let l = c - -111. Suppose 0 = -4*y + 6*y - l. What is the units digit of y?
6
Suppose 0 = 36*n - 19*n - 5610. Suppose 0 = -2*c + 1114 + n. What is the tens digit of c?
2
What is the units digit of -13 + 6671*42/49?
5
Let j(v) = -55*v + 1. Let n be j(-4). Let o = 2615 - 2661. Let m = o + n. What is the tens digit of m?
7
Let x = 5857 + -5261. What is the tens digit of x?
9
What is the thousands digit of 1 + -24 - 1680210/(-147)?
1
Let t = 37458 - -25058. What is the ten thousands digit of t?
6
Suppose -27*l = 3*d - 32*l - 57237, 2*l - 19057 = -d. What is the thousands digit of d?
9
Let a = 514 - 301. Suppose -210*k + a*k = 1650. What is the hundreds digit of k?
5
Suppose -14*y - 9 = -65. Suppose -2*v - 4*j + 102 = -600, 0 = 4*v + y*j - 1388. What is the tens digit of v?
4
Suppose x - 2*x - 1 = -f, -4*x + 5 = 5*f. What is the tens digit of f/12 - 168857/(-372)?
5
Let r = -32 - -36. Suppose -9*m + 4*m = -15, -r*d + 707 = m. What is the units digit of d?
6
Let t(g) = 1761*g**2 + 55*g - 226. What is the units digit of t(7)?
8
Let g(x) = 1 - 6*x - 26*x - 3 + 5. Let j(y) = -31*y + 3. Le